 -5*x + 93. Give b(j).
-11
Let k(b) = -2*b**3 + 33*b**2 - 10*b - 91. Let p be k(16). Let d(t) = t**3 - 6*t**2 + 2*t + 7. Determine d(p).
-8
Let h(c) be the third derivative of -c**5/60 - 5*c**4/24 + 3*c**3 - 241*c**2 - 2*c. Give h(-7).
4
Let n = 62 - 8. Let d = 49 - n. Let v be -1*d/5 - 1*-5. Let o(k) = k**3 - 5*k**2 - 7*k + 5. Determine o(v).
-1
Let d be (21 + (4 - 7))/(6 - 4). Let s be d/24 - 12/32. Suppose s = -a - 5 + 8. Let k(q) = q**3 - 4*q**2 + q + 4. Give k(a).
-2
Let v(n) = -n + 258. Let d(t) = -2*t + 826. Let i(y) = -3*d(y) + 10*v(y). What is i(21)?
18
Let j(w) = 18*w**3 - 2*w**2 + 1. Let x(c) = 2*c**2 + 8*c. Let u be x(-6). Suppose -23 = u*v - v. What is j(v)?
-19
Let k(a) = -15*a + 32 - 6*a**2 - 9 + 7*a**2 + 43. Calculate k(13).
40
Let y = 321 - 318. Let g(h) = h**y + 5*h**2 + 1189*h - 2381*h + 6 + 1188*h. Give g(-6).
-6
Let a(b) = 43*b - 95. Let p(g) = -223*g + 474. Let j(u) = 16*a(u) + 3*p(u). Give j(5).
-3
Let q(j) = -j + 2. Let f(h) = h**2 + h - 2. Let s be f(-3). Let t(o) = -s*o - 50 + 102 - 45. Let y be t(0). Calculate q(y).
-5
Let l(q) = 4*q**2 + q. Let h(b) = 35*b**2 - b. Let r be h(1). Suppose 2*k + 46 = -s, r = -k - 0*s + 5*s. Let j = k - -25. Calculate l(j).
5
Let u(z) = 74*z**2 + 64*z + 41. Let v(f) = -54*f**2 - 48*f - 31. Let x(h) = -8*u(h) - 11*v(h). What is x(-6)?
-11
Let a(s) = -6*s + 238 - 2*s + 52*s**2 - 240 - s**3 - 44*s**2. Give a(8).
-66
Let s = 7 - 3. Let n(g) = -s*g**2 - g - 5*g**2 + 0*g. Let u = -428233 - -428234. Calculate n(u).
-10
Let v(n) be the second derivative of -n**3/6 - n. Let y(q) = -6*q + 1. Let h(p) = -4*v(p) + y(p). Let j be 14/8 - (-56 - (-20655)/340). Give h(j).
7
Suppose -j + 5*f = -37, -4*f + 69 = 5*j - 0*f. Let m(r) = -r**2 + 12*r + 71. Let z be m(j). Let b(o) = o**3 + 14*o**2 + 2. Determine b(z).
2
Suppose 0 = 2*f - 3*h - 22, 2*f - 116*h + 121*h + 26 = 0. Let d(l) = l - 4. Let b be d(6). Let g(v) = -v + 0*v**3 + v**b + 0*v**2 - v**3 + 1. Determine g(f).
-5
Let k(n) = -72*n**3 - 6*n + 33*n**3 + n + 38*n**3 - 12*n - 38 + 20*n**2. Give k(19).
0
Let j(a) be the first derivative of a**4/2 + 5*a**3/3 - 4*a**2 - 5*a - 2377. Determine j(-4).
-21
Let s be 2 - (6/(-15) + (-12)/(-30)). Let y(k) = -4 + 3 - 4 + 9*k + s. What is y(2)?
15
Suppose 37 + 102 + 109 = 124*i. Let b(k) be the third derivative of -1/24*k**4 + 0*k + 2*k**i - 3/2*k**3 + 1/60*k**5 - 21. Give b(0).
-9
Let d(n) = -n**3 + 8*n**2 - 4*n - 5. Suppose 0 = -u + 447 - 102. Let w be 103/15 - (-46)/u. What is d(w)?
16
Suppose 0 = 5*p - 2*p - 4*u - 22, 0 = -5*p - 3*u - 2. Let i(j) = -3*j**2 + 4*j**p - 20*j + 19*j + 4. Calculate i(4).
16
Let y(n) = 2*n - 17. Let k(z) = -4*z + 35. Let l be k(-7). Let x be (18/l)/((-1)/(-28)). Determine y(x).
-1
Let b(y) = -y**3 + 12*y**2 + 16*y - 34. Suppose 344*j + 520 = 384*j. Give b(j).
5
Let b(t) be the first derivative of -t**3/3 + 11*t**2/2 - 25*t - 115. Suppose -5 = 36*z - 37*z. Give b(z).
5
Let x(r) = -4*r**2 + 5*r**2 + 0*r**2 - 7 + 7*r. Suppose -423*w + 2956*w = -300*w - 831*w - 29312. Give x(w).
1
Let w(o) = -3*o**3 - 41*o**2 + 17*o + 35. Let b be (13034/(-1197))/(4/9)*8/14. Calculate w(b).
-7
Let v(l) = l**2 + 19*l - 132. Let z be v(6). Let n(k) = k**3 - 19*k**2 + 19*k - 1. Calculate n(z).
17
Let s(t) = 2*t**3 - 2*t**2 + t + 1. Let u be s(1). Let b(m) = 1110*m - 2 - m**u + 4 - 1118*m. What is b(-7)?
9
Suppose 0 = -r + 2*w, 2*w - 3*w = 2. Let y(i) = -43*i**2 + 79*i + 9. Let v(d) = -16*d**2 + 30*d + 3. Let o(x) = -8*v(x) + 3*y(x). Give o(r).
-1
Suppose g + g + 6 = 0. Let a(d) = -3*d**2 + d - 341. Let x(y) = -2*y**2 + y - 256. Let c(i) = -3*a(i) + 4*x(i). What is c(g)?
5
Suppose 20*y - 85 = 3*y. Let k(p) = 2 - 22*p**2 - y + 78*p**2 - 15*p - 29*p**2 - 28*p**2. Give k(-16).
-19
Let d(m) be the second derivative of m**2 - 11*m - 1/3*m**3 + 0. Let j(c) = -c**2 + c + 2. Let i be j(3). Determine d(i).
10
Let w(i) be the second derivative of -i**3/2 + 19*i**2 - 87*i. Determine w(10).
8
Let o(x) = 5*x + 9. Let m(v) = 6*v + 10. Let t be 110/14 - 3/(-21). Suppose -t = -2*z - 5*a, z - 3*a - 4 = -0*a. Let j(c) = z*o(c) - 3*m(c). What is j(-5)?
-4
Let c(s) = -7*s**3 - 4*s**2 - 1. Let t(k) = -27*k**3 - 43*k**2 + 49*k + 56. Let m(p) = -4*c(p) + t(p). What is m(25)?
35
Let y(q) = q**3 + q**2 - 2*q - 13. Let b be y(0). Let x be 0 - (-2*1 + 5 + b). Let c(z) = 10 + x*z - 10*z + z. What is c(-6)?
4
Let y(b) = 6 + 37*b - 131*b - 35 + 52*b + 43*b. Give y(31).
2
Suppose 14 = 2*a - 2*g, 6 = -3*g - 0. Let j(i) = i - a + 6 + 4 - 2*i - 4. Determine j(4).
-3
Suppose 0 = d - 11625 + 11613. Let r(q) be the third derivative of 19/6*q**3 + 1/120*q**6 + 1/5*q**5 + 0 - 11/24*q**4 + d*q**2 + 0*q. What is r(-13)?
-7
Let x(d) = -834*d**2 + 2*d + 1580*d**2 - 3 - 747*d**2. Calculate x(3).
-6
Let f(w) be the second derivative of -5*w**3/6 - 7*w**2/2 + 5496*w. What is f(-4)?
13
Let k(u) = -u**3 + 11*u**2 + 22*u + 48. Suppose -5*r = 2*p - 21, -15*p + 5*r = -11*p - 57. Calculate k(p).
-4
Suppose 19*l - 6*w = 24*l - 116, 0 = -5*l + w + 109. Let c(b) = b**3 - 23*b**2 + 24*b - 38. What is c(l)?
6
Let o(k) be the first derivative of k**3/3 + 15*k**2/2 + 11*k + 1775. Give o(0).
11
Let s(f) = -f**2 - 3*f + 1. Let u(c) = -c**3 - c**2 - 2*c. Let l(x) = -3*x - 22. Let b be l(-8). Let v(d) = b*s(d) - 3*u(d). What is v(-2)?
-18
Let l(g) = 33*g**2 - 2*g - 4. Suppose 24 = -2*j - 4*z, -2*j - z + 3*z = -6. Let s be l(j). Let t(f) = s + 0*f - 142 - f. What is t(0)?
-10
Let f(c) = c + 1. Let w be (90/21)/(-5)*7. Let s(k) = 5*k + 5. Let n(b) = w*f(b) + s(b). Let a(j) = 7*j + 43. Let z be a(-5). Calculate n(z).
-9
Let u(h) = -h - 1. Let g(t) = 6*t - 5. Let z(a) = g(a) - 6*u(a). Let o(q) = 5*q - 5. Let c be o(5). Suppose 41*n = 21*n + c. Determine z(n).
13
Let l(b) = 26*b**2 - 197*b + 102. Let k be l(7). Let v(q) = 3*q - 17. What is v(k)?
-26
Suppose 2*p - 2 = 4*k - 6, 8 = -k - 4*p. Let z(u) = 3*u**3 + 3*u**2 + 6*u + 1. Let x(j) = 4*j**3 + 4*j**2 + 7*j + 1. Let d(r) = 4*x(r) - 5*z(r). What is d(k)?
-1
Suppose -6*o + 3*o = 5*f - 121, -o - 2*f + 42 = 0. Suppose 4*m = 4*l + o, 2*l - 2*m - m = -19. Let j(b) = -b**2 - 6*b - 2. Calculate j(l).
3
Let d be (11/(-2) + 0)/(9/18). Let p be (-2 - -1) + 12 + d. Let n(g) = -g**2 + g + 2. Calculate n(p).
2
Let i(z) = z**2 + 8*z + 2. Suppose 6*h - 88 = 80. Suppose 0 = 4*n + 5*q - 10*q + h, 2*q = 5*n + 35. Let j(k) = -k - 14. Let p be j(n). What is i(p)?
-5
Let p(o) be the second derivative of o**3/6 + 3*o**2 + 3*o + 16. Suppose -10 = -2*a - 2*l, -14 = -5*a + 3*a + 2*l. Determine p(a).
12
Let r(v) = -2*v**2 - 23*v - 1. Let w(k) = 3*k**2 + 26*k + 2. Let a(d) = 4*r(d) + 3*w(d). What is a(11)?
-31
Let i(s) = 5*s + 74. Let o(k) = -7*k - 150. Let c(q) = -9*i(q) - 4*o(q). Determine c(-4).
2
Let v(k) = k**3 + 9*k**2 - k + 21. Let a be v(-9). Let o be 7 - ((-2)/3 - (-110)/a). Let m(q) be the first derivative of q**2/2 - 9*q - 1. Calculate m(o).
-5
Suppose -51 = -15*y - 20 - 16. Let g(p) = -27*p + 2. Give g(y).
-25
Suppose 31 = 2*k - 5*k + 5*g, 17 = -k + 3*g. Let l be 11/(-88) - k/16. Let c(v) = -v**2 + v - 15. Give c(l).
-15
Let r(a) = 8*a - 1. Let j(x) = x**2 - 34*x. Let d(u) = -j(u) - 5*r(u). Determine d(0).
5
Let g(s) = s + 2. Suppose -2 = 4*u + 5*h - 17, 6 = -u + 2*h. Suppose 25*m - 21*m = u. Give g(m).
2
Suppose -5145 = -16*s - 1705. Let j = s - 207. Let f(c) = -c**2 + 8*c - 10. What is f(j)?
-10
Let s be 132/21 + (-22)/77. Suppose 0*h = -3*h - s*h. Let z(n) = -n**2 - 32. What is z(h)?
-32
Suppose -24 = -3*f - 3. Suppose 0 = 3*u - f + 4. Let l(r) = 3*r**2 + 6*r**2 + r - r - r. Give l(u).
8
Let r(s) be the second derivative of -s**5/20 + s**4/2 - s**3/2 - 7*s**2/2 + 6*s - 3. Suppose 4*f - b = 15, 5*b - 35 = -4*f + 2*b. Determine r(f).
3
Let b(x) be the second derivative of -5*x**4/12 + 25*x**3/6 + 5*x**2/2 + 15*x + 16. What is b(5)?
5
Suppose 38*m - 41*m + 6 = 0. Let r be (-6)/(-8)*4*1. Let f(h) = h**2 + 0 + h**3 + 0 - r - 2*h**3 + 4*h. Determine f(m).
1
Let p be 2/7 - (-3465)/49. Suppose -2*j = 2*r - 152, 8*r = 9*r + 5*j - 92. Let g = r - p. Let q(f) = -6*f + 1. Give q(g).
-5
Let p be ((-47)/(-94))/((-2)/(-200)). Let t be (-20)/p - (291/(-15) + 1). Let i(f) = f - 25. Determine i(t).
-7
Let s(l) = 17*l**2 - 1 + 95*l**2 - l - 10*l**2 - 22*l**2. Calculate s(-1).
80
Suppose 4*a + 2*q - 12 = 6, 4*q + 16 = 5*a. Suppose 0 = -a*n + 4 + 8